What are the prime factors of w?
3
Let n = -562 + 905. List the prime factors of n.
7
Let p be 17 + (-3 - (-12)/2). List the prime factors of ((-18)/(-5))/(p/50).
3
Suppose b + 24 = 5*b. Let s be 10/b*(-1 + -2). Let o = 12 + s. What are the prime factors of o?
7
What are the prime factors of (-86)/(5 - (-33)/(-6))?
2, 43
Suppose -3*u = 4*z - 6*z, -z = 4*u - 11. Let i(h) = -h + 4. List the prime factors of i(u).
2
Suppose 4*s - 10 = -2*d, 2*d - s = 4*d - 16. Let g(m) = 0 - m + 11 + 10. What are the prime factors of g(d)?
2, 3
Suppose -3*t + 4*p = -41, t + 2*t + 5*p = -4. List the prime factors of t.
7
Let q be (-15 + -2)*2 + 1. Let b be (-4)/(1 - (-39)/q). Suppose -5*w = -4*s + 62, 0 = -4*s + 2*s - 2*w + b. List the prime factors of s.
13
Let u(o) = -o**3 + 8*o**2 + 11*o - 13. Let a be u(9). Suppose 3*b - 2*w - 15 = 0, -w - 14 - 18 = -5*b. Let j = b - a. List the prime factors of j.
2
Let j be ((-205)/(-10))/(1/2). Let n = j + 39. Suppose l = -4*l + n. What are the prime factors of l?
2
Let p = -16 - -50. List the prime factors of p.
2, 17
Let j(s) = 2*s + 12. Let y be j(-5). Suppose -34 = -2*n - d, 0 = y*d - 5*d + 6. List the prime factors of n.
2
Suppose k + k - 6 = 0. Suppose -6*w + 13 = -2*d - w, 3*w = k*d + 6. Let r(q) = 6*q**3. What are the prime factors of r(d)?
2, 3
Suppose -3*q - 3*y + 15 = 0, y - 6 = 3*q - 3*y. Let c = 0 + q. Suppose i - 3*i + 6 = 0, 19 = c*x - i. List the prime factors of x.
11
Suppose 0 = -3*s + 6*s - 216. List the prime factors of s.
2, 3
Let t be 6 + (-1 - 2 - -3). Suppose -3*u + 6 = 4*w - t, -2*u = -5*w - 31. List the prime factors of u.
2
Suppose 10 = 3*g + 2*g. Suppose 2*y = 7*y - 20. List the prime factors of (2/y)/(g/32).
2
Suppose 4*b - 7 = p, 0*p + 3*p = -3*b - 21. What are the prime factors of (p + -4)/(2/(-2))?
11
Let p(o) be the third derivative of o**5/60 + o**4/12 - o**3/6 + 8*o**2. List the prime factors of p(-7).
2, 17
Let x(q) be the second derivative of q**5/20 - 5*q**4/12 + q**3/2 + q**2 - 4*q. What are the prime factors of x(5)?
17
Let z be (10/(-3))/(2/(-6)). Suppose -z - 4 = w. What are the prime factors of (-4)/(-14) - 164/w?
2, 3
Suppose 174*n + 68 = 178*n. List the prime factors of n.
17
Let d = -57 - -143. What are the prime factors of d?
2, 43
Suppose -2*t - 7*w = -3*w - 14, -4*t + 5*w + 80 = 0. What are the prime factors of t?
3, 5
Let n = 114 + -75. Suppose 0 = -3*u + n + 21. What are the prime factors of u?
2, 5
Let u(d) = -8*d - 4. Let a be u(-5). What are the prime factors of (0 + a)*(-14)/(-21)?
2, 3
Let i(s) = -s**2 + 3 + 5*s**2 - 6 + 2 - 2*s. What are the prime factors of i(2)?
11
Let o be (-1 - (-3)/9)*-30. Suppose -3*n = n - o. List the prime factors of -3*2/(-3) + n.
7
Suppose 3*u - 3 = 18. List the prime factors of u.
7
Let h = 2 + 0. Suppose 4*n = b + 23, -2*n - h = -3*b - 1. What are the prime factors of n?
7
Let m = 11 - 6. Let p = -10 - -13. Suppose -4*n + 9*n - p*v - 11 = 0, -m*n - 3*v = -29. What are the prime factors of n?
2
Suppose 0 = -4*l - 4*f + 16, 4*l - f + 0*f - 6 = 0. Suppose l*r - 40 = -3*y + y, -2*y + 24 = -2*r. List the prime factors of y.
2
Let b(u) = 8*u**2 + 3*u. What are the prime factors of b(-2)?
2, 13
Let i(o) = -o**3 + 9*o**2 - 5*o + 14. What are the prime factors of i(6)?
2, 23
Suppose -3*h = -2*h - 6. List the prime factors of h.
2, 3
Suppose 2 + 16 = 3*p. Suppose -2*j = -p*j + 172. What are the prime factors of j?
43
Let m = -26 + 66. What are the prime factors of 184/m + 6/(-10)?
2
Suppose 134 = -5*s - 4*z + 2*z, 2*s = -4*z - 44. Let r = 20 + s. Let m = r + 11. List the prime factors of m.
3
Let i be (-2)/((-8)/3 - -2). Let z be (6/i)/2*1. What are the prime factors of z - 6/4*-6?
2, 5
What are the prime factors of 21 - (-6 + 2 + 1)?
2, 3
Let d(k) = -k**3 - 7*k**2 + 7*k - 8. Let c be d(-7). Let n(l) = -2*l + 4. Let p be n(3). What are the prime factors of 1/p - c/6?
3
Let m = -125 - -183. List the prime factors of m.
2, 29
Let a(b) = -23*b + 2. What are the prime factors of a(-2)?
2, 3
Let m(t) = t**2 + 6*t + 2. Let z be m(-6). Let u be z*(0 - 2/(-4)). Let g = u + 10. What are the prime factors of g?
11
Suppose -2*b = -3*b - 1. List the prime factors of 35 + b/1 + -2.
2
Let g(f) = -f**3 + 4*f**2 - f. Let s be 4*-1*(4 + -2). Let b = -6 - s. List the prime factors of g(b).
2, 3
Let h(s) = 3*s**3. Let a be h(1). Suppose 3*t = 5*c - 3 - a, 3*c + 2*t - 15 = 0. Suppose -d - 53 = -5*y, -2*d + c - 39 = -3*y. What are the prime factors of y?
2, 5
Suppose -2*w + 3*w - 42 = 0. List the prime factors of w.
2, 3, 7
Let o(x) = x**3 - 9*x**2 - 9*x - 7. Let p be o(10). Suppose 0 = -3*m - b - b + 35, 25 = p*m + 4*b. What are the prime factors of m?
3, 5
Let o = -11 + 7. Let r be 0 + -2 - o/2. Suppose 4*k - u - 12 = -r*u, 3*k = 5*u + 9. What are the prime factors of k?
3
Suppose 0*b - 3*b = i - 5, -b = 3*i - 15. Suppose -4*z - 2*q + 94 = b, z - q + 116 = 6*z. What are the prime factors of z?
23
Let d(j) = 4*j - 3. Let m be d(3). Let s = 28 - m. What are the prime factors of s?
19
Let p be ((-39)/(-9))/((-1)/(-3)). Suppose -x + 6*v - v + p = 0, 0 = -3*x + 2*v + 52. List the prime factors of x.
2, 3
Let f(y) = y + 1. Let b be f(1). Suppose 52 = 2*z + b*z - 2*s, -15 = -z + s. What are the prime factors of z?
11
Suppose 18*u = 22*u - 884. What are the prime factors of u?
13, 17
Let m be 5/((-50)/(-12))*5. Let j be (-14)/(-4)*m/(-1). What are the prime factors of (-6)/j + 38/14?
3
Let i(z) be the third derivative of 0*z**3 + 1/30*z**5 + 1/8*z**4 - 1/120*z**6 + 0*z + 2*z**2 + 0. List the prime factors of i(-2).
2, 5
Suppose 0*a + 3*a = 249. What are the prime factors of a?
83
What are the prime factors of 3/((9/(-39))/(-3))?
3, 13
Suppose 8*c + c = 783. List the prime factors of c.
3, 29
Let b = 80 + -48. What are the prime factors of b?
2
Suppose 6*q - 12 = 2*q. Let p(d) = -2*d**2 - 3*d**3 - q*d - 2*d**3 + 4*d**3. What are the prime factors of p(-2)?
2, 3
Let d = -3 + 3. Let c be d/((-2)/(4 + -2)). Suppose 3*p + c*p = 36. What are the prime factors of p?
2, 3
Let g(y) = 4*y - 5. Let p be g(8). Suppose 2*x + p = 5*w + 11, 6 = w + x. Suppose -w*s + 6*s = 32. List the prime factors of s.
2
Let s(m) = m**2 + 2*m - 10. List the prime factors of s(6).
2, 19
Let z(n) = 2*n - 9. Suppose y = -2*f - 4*y + 7, -1 = y. What are the prime factors of z(f)?
3
Let c be (47/(-4))/(4/(-16)). Let o = c - 22. What are the prime factors of o?
5
What are the prime factors of (445/(-10) - 4)*-2?
97
Let q(j) = j - 4. Let s be q(5). Let z = s + 3. Suppose z*u = 5 + 3. List the prime factors of u.
2
Let d(f) = 4*f**2 - 5*f - 3. What are the prime factors of d(5)?
2, 3
Suppose -2*k + k = -1. Let d(a) = a**2 + 5*a - 5*a - k + 3. What are the prime factors of d(3)?
11
Let q = 12 + -23. Let w(k) = -4*k - 12. List the prime factors of w(q).
2
Let z = -174 - -314. What are the prime factors of z?
2, 5, 7
Suppose -3*u = -2*n + 4, -3*n + 8 = -5*u + n. Let v(g) = -3*g + 6. Let w(r) = -2*r + 7. Let d(l) = -3*v(l) + 4*w(l). List the prime factors of d(u).
2, 5
Let o(i) = i - 11. Let y be o(-9). Let m be (-6)/4*y/6. Suppose 3*t - 47 = -m. What are the prime factors of t?
2, 7
Suppose 5*l = 2*g - 29, 0 = -3*g - l + 3*l + 38. What are the prime factors of g?
2, 3
Suppose -3*r + 151 = 2*r + 4*d, -3*r + 73 = -2*d. List the prime factors of r.
3
Let v(q) = q**2 - 11*q + 3. Let h be v(11). Let r = 1 + h. Let c = 2 + r. List the prime factors of c.
2, 3
Suppose -120 = -4*j - j. What are the prime factors of (0 - j)/(18/(-12))?
2
Let v be (-1)/((-3)/12) - 0. Suppose v*n - 47 - 17 = 0. What are the prime factors of n?
2
Let f = 68 - -42. List the prime factors of f.
2, 5, 11
What are the prime factors of (-8)/(-12)*(226/4 - -2)?
3, 13
Let z be 6/(-4)*8/12. Let x = 3 + z. Let t = 5 - x. What are the prime factors of t?
3
Suppose 2*q - 2 = q. Suppose -q*c + 3*k = 34 - 91, -5*c + 151 = k. What are the prime factors of c?
2, 3, 5
Let w(g) = 5*g - g**2 + 0*g + 2*g**2 - 9. Let o be w(-7). Suppose -o = -b - 0*b. What are the prime factors of b?
5
Suppose 0 = 3*m + 95 - 5. Let u = m + 81. What are the prime factors of u?
3, 17
Suppose -3*a - 6 = -5*a, 0 = 4*z - a - 85. Suppose -z = -2*s + 14. List the prime factors of s.
2, 3
Let w be (1 + -3)/((-6)/12). Suppose w = -3*b + 28. List the prime factors of b/(-6)*6/(-2).
2
S